{"id":7439,"date":"2019-05-11T00:24:14","date_gmt":"2019-05-10T21:24:14","guid":{"rendered":"http:\/\/horsefood.ee\/?post_type=product&#038;p=7439"},"modified":"2026-04-17T15:58:15","modified_gmt":"2026-04-17T12:58:15","slug":"heinakuubikud-20kg","status":"publish","type":"product","link":"https:\/\/www.horsefood.ee\/latvia\/pood\/heinakuubikud-20kg\/","title":{"rendered":"Heinagraanulid \/ ei vaja leotamist \/ ei sobi kores\u00f6\u00f6da t\u00e4ielikuks asendamiseks 20kg"},"content":{"rendered":"","protected":false},"excerpt":{"rendered":"<p><strong>Van Corp Loomas\u00f6\u00f6dad heinagraanulid<\/strong>\u00a0on valmistatud <strong>100% tolmuvabast<\/strong> kuivatatud karjamaarohust. Need on loodud ratsiooni t\u00e4iendamiseks v\u00f5i s\u00f6\u00f6tmiseks kores\u00f6\u00f6da puuduse korral.<\/p>\n<p>Pelleteid v\u00f5ib s\u00f6\u00f6ta kuivalt, sest meie\u00a0<strong>heinagraanulid ei vaja leotamist!\u00a0<\/strong>Loomulikult on lubatud graanuleid soojas vees leotada, kuid see ei ole h\u00e4davajalik.<\/p>\n<p>Lisands\u00f6\u00f6t. Ei sobi kores\u00f6\u00f6da t\u00e4ielikuks asendamiseks (t\u00e4ielikuks kores\u00f6\u00f6da asendajaks sobib Multibeet-seniormix).<\/p>\n<p><strong>Graanuli suurus:<\/strong> 6mm.<\/p>\n<p><strong>Energiav\u00e4\u00e4rtus:\u00a0<\/strong>10,1MJ\/kg.<\/p>\n<p><strong>Anal\u00fc\u00fctiline koostis<\/strong>: toorvalk 170 gr, toorrasv 28 gr, toortuhk 125 gr, toorkiud 200 gr, kaltsiumi (Ca) 8 gr, fosfori (P) 3,1 gr, naatrium (NaCl) 2,1 gr, magneesiumi (Mg) 1,9 gr.<\/p>\n<p><strong>Aminohapped<\/strong>: l\u00fcsiin 8gr, metioniin 2,4gr.<\/p>\n<p><strong>Mikroelemendid:\u00a0<\/strong>ei ole mingeid t\u00e4iendusi. Sisaldavad ainult rohu looduslikke mikroelemente.<\/p>\n<p><strong>Vitamiinid:\u00a0<\/strong>\u00a0ei ole mingeid t\u00e4iendusi. Sisaldavad ainult rohu looduslikke vitamiine.<\/p>\n<p>&nbsp;<\/p>\n<hr \/>\n<p><a href=\"http:\/\/horsefood.ee\/wp-content\/uploads\/2017\/05\/Elu-ilma-j\u00f5us\u00f6\u00f6data.png\"><img loading=\"lazy\" decoding=\"async\" class=\"size-large wp-image-6229 alignleft\" src=\"http:\/\/horsefood.ee\/wp-content\/uploads\/2017\/05\/Elu-ilma-j\u00f5us\u00f6\u00f6data-724x1024.png\" alt=\"\" width=\"724\" height=\"1024\" srcset=\"https:\/\/i0.wp.com\/horsefood.ee\/wp-content\/uploads\/2017\/05\/Elu-ilma-j%C3%B5us%C3%B6%C3%B6data.png?resize=724%2C1024&amp;ssl=1 724w, https:\/\/i0.wp.com\/horsefood.ee\/wp-content\/uploads\/2017\/05\/Elu-ilma-j%C3%B5us%C3%B6%C3%B6data.png?resize=212%2C300&amp;ssl=1 212w, https:\/\/i0.wp.com\/horsefood.ee\/wp-content\/uploads\/2017\/05\/Elu-ilma-j%C3%B5us%C3%B6%C3%B6data.png?resize=768%2C1086&amp;ssl=1 768w, https:\/\/i0.wp.com\/horsefood.ee\/wp-content\/uploads\/2017\/05\/Elu-ilma-j%C3%B5us%C3%B6%C3%B6data.png?resize=424%2C600&amp;ssl=1 424w, https:\/\/i0.wp.com\/horsefood.ee\/wp-content\/uploads\/2017\/05\/Elu-ilma-j%C3%B5us%C3%B6%C3%B6data.png?w=794&amp;ssl=1 794w\" sizes=\"(max-width: 724px) 100vw, 724px\" \/><\/a><\/p>\n<p>&nbsp;<\/p>","protected":false},"featured_media":7442,"template":"","meta":{"jetpack_post_was_ever_published":false,"jetpack_publicize_message":"","jetpack_publicize_feature_enabled":true,"jetpack_social_post_already_shared":true,"jetpack_social_options":{"image_generator_settings":{"template":"highway","enabled":false},"version":2}},"product_brand":[],"product_cat":[56,37],"product_tag":[],"class_list":{"0":"post-7439","1":"product","2":"type-product","3":"status-publish","4":"has-post-thumbnail","6":"product_cat-horsefoodthebest","7":"product_cat-graanulid","9":"first","10":"instock","11":"shipping-taxable","12":"purchasable","13":"product-type-simple"},"jetpack_publicize_connections":[],"jetpack_sharing_enabled":true,"jetpack-related-posts":[],"_links":{"self":[{"href":"https:\/\/www.horsefood.ee\/latvia\/wp-json\/wp\/v2\/product\/7439"}],"collection":[{"href":"https:\/\/www.horsefood.ee\/latvia\/wp-json\/wp\/v2\/product"}],"about":[{"href":"https:\/\/www.horsefood.ee\/latvia\/wp-json\/wp\/v2\/types\/product"}],"wp:featuredmedia":[{"embeddable":true,"href":"https:\/\/www.horsefood.ee\/latvia\/wp-json\/wp\/v2\/media\/7442"}],"wp:attachment":[{"href":"https:\/\/www.horsefood.ee\/latvia\/wp-json\/wp\/v2\/media?parent=7439"}],"wp:term":[{"taxonomy":"product_brand","embeddable":true,"href":"https:\/\/www.horsefood.ee\/latvia\/wp-json\/wp\/v2\/product_brand?post=7439"},{"taxonomy":"product_cat","embeddable":true,"href":"https:\/\/www.horsefood.ee\/latvia\/wp-json\/wp\/v2\/product_cat?post=7439"},{"taxonomy":"product_tag","embeddable":true,"href":"https:\/\/www.horsefood.ee\/latvia\/wp-json\/wp\/v2\/product_tag?post=7439"}],"curies":[{"name":"wp","href":"https:\/\/api.w.org\/{rel}","templated":true}]}}