{"id":3492,"date":"2017-04-14T21:17:37","date_gmt":"2017-04-14T18:17:37","guid":{"rendered":"http:\/\/hobukomm.ee\/?post_type=product&#038;p=3492"},"modified":"2026-04-30T17:18:48","modified_gmt":"2026-04-30T14:18:48","slug":"easy-mix","status":"publish","type":"product","link":"https:\/\/www.horsefood.ee\/latvia\/pood\/easy-mix\/","title":{"rendered":"Easy-mix (kaeravaba \/ n\u00e4rvilisus \/ sport \/ keskmine koormus) 20kg"},"content":{"rendered":"<ul>\n<li><strong>J\u00e4rgnevas tabelis on esitatud toitumuslikud n\u00e4itajad.\u00a0<\/strong><\/li>\n<li><strong>Tabelis olevad v\u00e4\u00e4rtused vastavad toote kilogrammi kohta.\u00a0<\/strong><\/li>\n<li><strong>Kuna kasutatakse looduslikke tooraineid, v\u00f5ivad allpool loetletud v\u00e4\u00e4rtused m\u00f5ningal m\u00e4\u00e4ral k\u00f5ikuda.\u00a0<\/strong><\/li>\n<li><strong>Hobustele olulisemad mikroelemendid(vask, tsink, seleen) on lisatud kelaadivormis e orgaanilisel kujul.<\/strong><\/li>\n<\/ul>\n<hr \/>\n<p>Energia 13.3 MJ<br \/>\nEWPa 0.92<br \/>\nSeeditav valk (VREp) 7.8 %<br \/>\nToorproteiin 10.2 %<br \/>\nToorrasv 5.3 %<br \/>\nToorkiud 12.6 %<br \/>\nToortuhk 6.8 %<br \/>\nSuhkur 2.9 %<br \/>\nT\u00e4rklis 30.6 %<\/p>\n<p>Mineraalid ja mikroelemendid (kg kohta):<\/p>\n<p>Kaltsium 9.8 g<br \/>\nFosfor 4.0 g<br \/>\nNaatrium 2.2 g<br \/>\nKaalium 9.6 g<br \/>\nMagneesium 5.0 g<br \/>\nVask 22 mg<br \/>\nRaud 31 mg<br \/>\nTsink 90 mg<br \/>\nMangaan 44 mg<br \/>\nSeleen 0.15 mg<br \/>\nJood 1.10 mg<\/p>\n<p>Lisandid\/kg:<\/p>\n<p>A-vitamiin 3a672a 15000 IE<br \/>\nD3-vitamiin 3a671 1375 IE<br \/>\nE-vitamiin 3a700 250 mg<br \/>\nRaud(II)sulfaat monoh\u00fcdraat 3b103 21 mg<br \/>\nKoobaltkabonaat (kattega) 3b304 0.3 mg<br \/>\nMangaanoksiid 3b502 44 mg<br \/>\nVaskkelaat (gl\u00fctsiin) 3b413 11 mg<br \/>\nTsinksulfaat monoh\u00fcdraat 3b605 33 mg<br \/>\nTsinkkelaat (gl\u00fctsiin) 3b607 58 mg<br \/>\nNaatriumseleniit 3b801 0.14 mg<br \/>\nSeleenip\u00e4rm 3b811 0.14 mg<br \/>\nKaltsiumjodaat (veevaba) 3b202 1.1 mg<br \/>\nVasksulfaat pentah\u00fcdraat 3b405 11 mg<\/p>\n<p><a href=\"https:\/\/i0.wp.com\/horsefood.ee\/wp-content\/uploads\/2020\/02\/Kvaliteet.png?ssl=1\"><img data-recalc-dims=\"1\" loading=\"lazy\" decoding=\"async\" data-attachment-id=\"9847\" data-permalink=\"https:\/\/www.horsefood.ee\/latvia\/hinnakiri\/kvaliteet\/#main\" data-orig-file=\"https:\/\/i0.wp.com\/www.horsefood.ee\/wp-content\/uploads\/2020\/02\/Kvaliteet.png?fit=1920%2C1080&amp;ssl=1\" data-orig-size=\"1920,1080\" data-comments-opened=\"0\" data-image-meta=\"{&quot;aperture&quot;:&quot;0&quot;,&quot;credit&quot;:&quot;&quot;,&quot;camera&quot;:&quot;&quot;,&quot;caption&quot;:&quot;&quot;,&quot;created_timestamp&quot;:&quot;0&quot;,&quot;copyright&quot;:&quot;&quot;,&quot;focal_length&quot;:&quot;0&quot;,&quot;iso&quot;:&quot;0&quot;,&quot;shutter_speed&quot;:&quot;0&quot;,&quot;title&quot;:&quot;&quot;,&quot;orientation&quot;:&quot;0&quot;}\" data-image-title=\"\" data-image-description=\"\" data-image-caption=\"\" data-large-file=\"https:\/\/i0.wp.com\/www.horsefood.ee\/wp-content\/uploads\/2020\/02\/Kvaliteet.png?fit=1020%2C574&amp;ssl=1\" class=\"size-large wp-image-9847 alignleft\" src=\"https:\/\/i0.wp.com\/horsefood.ee\/wp-content\/uploads\/2020\/02\/Kvaliteet-1024x576.png?resize=980%2C551&#038;ssl=1\" alt=\"\" width=\"980\" height=\"551\" srcset=\"https:\/\/i0.wp.com\/www.horsefood.ee\/wp-content\/uploads\/2020\/02\/Kvaliteet.png?resize=1024%2C576&amp;ssl=1 1024w, https:\/\/i0.wp.com\/www.horsefood.ee\/wp-content\/uploads\/2020\/02\/Kvaliteet.png?resize=300%2C169&amp;ssl=1 300w, https:\/\/i0.wp.com\/www.horsefood.ee\/wp-content\/uploads\/2020\/02\/Kvaliteet.png?resize=768%2C432&amp;ssl=1 768w, https:\/\/i0.wp.com\/www.horsefood.ee\/wp-content\/uploads\/2020\/02\/Kvaliteet.png?resize=1536%2C864&amp;ssl=1 1536w, https:\/\/i0.wp.com\/www.horsefood.ee\/wp-content\/uploads\/2020\/02\/Kvaliteet.png?resize=416%2C234&amp;ssl=1 416w, https:\/\/i0.wp.com\/www.horsefood.ee\/wp-content\/uploads\/2020\/02\/Kvaliteet.png?w=1920&amp;ssl=1 1920w\" sizes=\"auto, (max-width: 980px) 100vw, 980px\" \/><\/a><\/p>","protected":false},"excerpt":{"rendered":"<p class=\"p1\"><i>Kaeravaba m\u00fcsli hobustele<\/i><\/p>\n<p class=\"p2\"><b>L\u00e4bim\u00f5eldud kaeravaba lisands\u00f6\u00f6t hobustele, kelle puhul on oluline piisav energiavarustus ilma liigse erutuvuseta ning kes t\u00f6\u00f6tavad \u00fclalpidamisel kuni keskmise koormusega.<\/b><\/p>\n<p class=\"p1\">See kaeravaba m\u00fcsli on loodud hobustele, kellele on vaja anda h\u00e4sti omastatavat energiat, hoides samal ajal temperamendi rahuliku ja kontrollituna. Sobib igap\u00e4evaseks kasutamiseks hobustele, kes teevad keskmist t\u00f6\u00f6d v\u00f5i treenivad m\u00f5\u00f5duka koormusega.<\/p>\n<p class=\"p1\">Koostis tagab stabiilse energiavoo ning toetab hobuse \u00fcldist heaolu treeningu ja tavap\u00e4rase liikumise juures. Tasakaalustatud vitamiinide ja mineraalainete lisamine aitab toetada organismi normaalset toimimist koos \u00fclej\u00e4\u00e4nud ratsiooniga.<\/p>\n<p class=\"p1\">M\u00fcsli sobib kasutamiseks <span class=\"s1\"><b>lisands\u00f6\u00f6dana<\/b><\/span>, t\u00e4iendades kores\u00f6\u00f6dal p\u00f5hinevat ratsiooni vastavalt hobuse t\u00f6\u00f6koormusele ja individuaalsetele vajadustele.<\/p>\n<p class=\"p2\"><b>Vaakuumpakendatud, et s\u00e4ilitada s\u00f6\u00f6da v\u00e4rskus ning vitamiinide ja mineraalide kvaliteet.<\/b><\/p>\n<h3><span style=\"font-size: 80%;\"><b>Sobib h\u00e4sti hobustele:<\/b><\/span><\/h3>\n<ul>\n<li>\n<p class=\"p1\">kes on \u00fclalpidamisel v\u00f5i teevad kerget t\u00f6\u00f6d<\/p>\n<\/li>\n<li>\n<p class=\"p1\">kes treenivad keskmise koormusega<\/p>\n<\/li>\n<li>\n<p class=\"p1\">kelle puhul on oluline rahulik, \u00fchtlane energiavool<\/p>\n<\/li>\n<li>\n<p class=\"p1\">kellele soovitakse kaeravaba m\u00fcslit igap\u00e4evases ratsioonis<\/p>\n<\/li>\n<\/ul>\n<h3><span style=\"font-size: 80%;\"><b>Toitev\u00e4\u00e4rtus<\/b><\/span><\/h3>\n<ul>\n<li>\n<p class=\"p1\">Hobuse poolt seeditav energia: <span class=\"s1\"><b>13,3 MJ\/kg<\/b><\/span><\/p>\n<\/li>\n<li>\n<p class=\"p1\">Hobuse poolt seeditav toores valk: <span class=\"s1\"><b>7,8%<\/b><\/span><\/p>\n<\/li>\n<\/ul>\n<p>&nbsp;<\/p>\n<h3><span style=\"font-size: 80%;\"><b>Koostis<\/b><\/span><\/h3>\n<p class=\"p1\">Odrahelbed, kaerakliid, lutsern, maisihelbed, p\u00e4evalilleseemnejahu, linaseemne\u00f5li, nisutangud, suhkruroommelass, kaltsiumkarbonaat, magneesiumoksiid, naatriumkloriid, monokaltsiumfosfaat, maisiidud, peedimass, kurkum.<\/p>\n<p class=\"p2\"><b>Soovituslikud kogused on suunavad. \u00d5ige kogus kujuneb t\u00f6\u00f6 k\u00e4igus ning vastavalt hobuse konditsioonile.<\/b><\/p>\n<p class=\"p2\"><b>Kui kahtled sobivuses v\u00f5i koguses, kirjuta meile \u2013 aitame hea meelega kaasa m\u00f5elda (ka Messengeris).<\/b><\/p>\n<h3><span style=\"font-size: 80%;\"><b>S\u00f6\u00f6tmissoovitused (100 kg kehakaalu kohta)<\/b><\/span><\/h3>\n<ul>\n<li>\n<p class=\"p1\">\u00dclalpidamine: <span class=\"s1\"><b>0,3\u20130,4 kg<\/b><\/span><\/p>\n<\/li>\n<li>\n<p class=\"p1\">Kerge t\u00f6\u00f6: <span class=\"s1\"><b>0,4\u20130,5 kg<\/b><\/span><\/p>\n<\/li>\n<li>\n<p class=\"p1\">Keskmine koormus: <span class=\"s1\"><b>0,5\u20130,6 kg<\/b><\/span><\/p>\n<\/li>\n<li>\n<p class=\"p1\">K\u00f5rgeim koormus: <span class=\"s1\"><b>0,6\u20130,7 kg<\/b><\/span><\/p>\n<\/li>\n<\/ul>\n<p>&nbsp;<\/p>","protected":false},"featured_media":5600,"template":"","meta":{"jetpack_post_was_ever_published":false,"jetpack_publicize_message":"","jetpack_publicize_feature_enabled":true,"jetpack_social_post_already_shared":false,"jetpack_social_options":{"image_generator_settings":{"template":"highway","default_image_id":0,"font":"","enabled":false},"version":2}},"product_brand":[],"product_cat":[56,39],"product_tag":[77,67,80],"class_list":{"0":"post-3492","1":"product","2":"type-product","3":"status-publish","4":"has-post-thumbnail","6":"product_cat-horsefoodthebest","7":"product_cat-muslid","8":"product_tag-harrastus","9":"product_tag-keskmine-koormus","10":"product_tag-temperament-kontrolli-alla","12":"first","13":"instock","14":"shipping-taxable","15":"purchasable","16":"product-type-simple"},"jetpack_publicize_connections":[],"jetpack_sharing_enabled":true,"jetpack-related-posts":[{"id":7118,"url":"https:\/\/www.horsefood.ee\/latvia\/pood\/eko-kvaliteedimargiga-graanulid-25kg\/","url_meta":{"origin":3492,"position":0},"title":"Mahem\u00e4rgisega \u00f6koloogilised s\u00f6\u00f6dagraanulid (k\u00f5ik hobuspordi distsipliinid) 20kg. (Ettetellimisel)","author":"kadri koppel","date":"13. Mar 2019","format":false,"excerpt":"EKO\u00a0(haldaja Skal \u2013 mittetulunduslik orgaanilise toodangu inspektsioon) on Hollandi mahem\u00e4rgis. Vastab Euroopa \u00dchenduse mahem\u00e4rgise kriteeriumitele EU 834\/2007.\u00a0 Graanuli suurus 5mm. T\u00e4iends\u00f6\u00f6t. Antud v\u00e4\u00e4rtuslik hobus\u00f6\u00f6dagraanul on v\u00e4etiste, pestitsiidide, geneetilise muundamise ning keemilise t\u00f6\u00f6tlemise vaba. 100% bioloogilised agrikultuurid!\u00a0 Koostis: nisu, oder, kaer, nisu semolina, mais, spelta, peedimelass, linaseemned, p\u00e4evalilleseemne helbed, kriit, monokaltsiumfosfaat,\u2026","rel":"","context":"Similar post","block_context":{"text":"Similar post","link":""},"img":{"alt_text":"","src":"https:\/\/i0.wp.com\/www.horsefood.ee\/wp-content\/uploads\/2019\/03\/Bioloogilised-graanulid.png?fit=365%2C500&ssl=1&resize=350%2C200","width":350,"height":200},"classes":[]},{"id":3496,"url":"https:\/\/www.horsefood.ee\/latvia\/pood\/happy-summer-mix\/","url_meta":{"origin":3492,"position":1},"title":"Happy-Summer Mix (kaeravaba \/ ainevahetushaigused) 20kg","author":"Georg Koppel","date":"14. Apr 2017","format":false,"excerpt":"T\u00e4iends\u00f6\u00f6t. Kaeravaba, 7-t funktsionaalset maitsetaime (ginko, n\u00f5ges, pune, k\u00fc\u00fcslauk, majoraan, t\u00fc\u00fcmian, basiilik) sisalduv kvaliteetm\u00fcslisegu on spetsiaalselt v\u00e4ljat\u00f6\u00f6tatud \u00fclitundlikele hobustele (kaasaarvatud suveekseem, laminiit, EMS, Cushings, rasumine ja insuliinresistentsus). Madal suhkru- ja t\u00e4rklisesisaldus. Kergelt seeduv. Rohkelt head linaseemne\u00f5li.\u00a0Lisatud on diatomiitmuld ning p\u00e4rmikultuure. T\u00e4isvitaminiseeritud. K\u00f5ike mikroelemente, eelk\u00f5ige: tsinki, vaske ning seleeni on piisavalt.\u2026","rel":"","context":"Similar post","block_context":{"text":"Similar post","link":""},"img":{"alt_text":"","src":"https:\/\/i0.wp.com\/www.horsefood.ee\/wp-content\/uploads\/2020\/02\/Kvaliteet-1024x576.png?resize=350%2C200&ssl=1","width":350,"height":200,"srcset":"https:\/\/i0.wp.com\/www.horsefood.ee\/wp-content\/uploads\/2020\/02\/Kvaliteet-1024x576.png?resize=350%2C200&ssl=1 1x, https:\/\/i0.wp.com\/www.horsefood.ee\/wp-content\/uploads\/2020\/02\/Kvaliteet-1024x576.png?resize=525%2C300&ssl=1 1.5x, https:\/\/i0.wp.com\/www.horsefood.ee\/wp-content\/uploads\/2020\/02\/Kvaliteet-1024x576.png?resize=700%2C400&ssl=1 2x"},"classes":[]},{"id":5993,"url":"https:\/\/www.horsefood.ee\/latvia\/pood\/speed-mix-plahvatuslik-energia-tippsport-pre-ja-probiootikumid-20kg\/","url_meta":{"origin":3492,"position":2},"title":"Speed-Mix (must kaer \/pre- ja probiootikumid \/ plahvatuslik energia) 20kg","author":"kadri koppel","date":"27. Aug 2018","format":false,"excerpt":"\u00a0 ...Kiiresti, kiiremini, veel kiiremini! T\u00e4iends\u00f6\u00f6t. K\u00f5rgekvaliteediline maitsev mix, mis pakub plahvatuslikku energiat. Baas t\u00e4isteravilja, ohtralt j\u00e4mejahvatusega teravilja, nagu must kaer jm ning maisihelbed. Lisatud hernehelbed ja pre- ja probiootikumid.\u00a0Kohandatud t\u00e4rklise- ja suhkrusisaldusega. Sporthobustele, kes vajavad plahvatuslikku energiat. Tippsportivad isendid. Vitamiinide, mineraalide, toitainete sisaldus vastab rangemale saavutusspordi normidele! Mix sisaldab\u2026","rel":"","context":"Similar post","block_context":{"text":"Similar post","link":""},"img":{"alt_text":"","src":"https:\/\/i0.wp.com\/www.horsefood.ee\/wp-content\/uploads\/2018\/08\/Pilt.jpg?fit=383%2C575&ssl=1&resize=350%2C200","width":350,"height":200},"classes":[]},{"id":4300,"url":"https:\/\/www.horsefood.ee\/latvia\/pood\/grow-mix-20kg-varsadsaludmarad\/","url_meta":{"origin":3492,"position":3},"title":"Grow-Mix (varsad alates 3-elun\u00e4dalast \/ s\u00e4lud kuni 2,5eluaastat \/ m\u00e4rad) 20kg","author":"kadri koppel","date":"26. Sep 2017","format":false,"excerpt":"T\u00e4iends\u00f6\u00f6t. Spetsiaalne, \u00e4\u00e4rmiselt k\u00f5rgekvaliteediline m\u00fcslisegu tiinetele- ja lakteerivatele m\u00e4radele ning nende varssadele s\u00f6\u00f6tmiseks kuni 1,5 eluaasta-ni. Selles mixis sisalduv kogu teravili on j\u00e4mejahvatatud ja\/v\u00f5i paisutatud ja sisaldab k\u00f5iki vajalikke komponente, et loomalapsest kasvaks tulevikus elur\u00f5\u00f5mus ja terve hobune\/poni. *\u00a0Spetsiaalne\u00a0m\u00fcslisegu\u00a0m\u00e4radele\/varssadele\/s\u00e4lgudele. *\u00a0Sisaldab\u00a0pre-\u00a0ja\u00a0probiootikume. *\u00a0Lisatud\u00a0p\u00e4rmikultuure\u00a0seedimise\u00a0soodustamiseks,\u00a0s\u00f6\u00f6da\u00a0efektiivsuse\u00a0parendamiseks\u00a0ning\u00a0-edendamiseks. *\u00a0Lisatud foolhapet ja E-vitamiini 400mg. Hobuse poolt seeditav energia\u2026","rel":"","context":"Similar post","block_context":{"text":"Similar post","link":""},"img":{"alt_text":"","src":"https:\/\/i0.wp.com\/www.horsefood.ee\/wp-content\/uploads\/2017\/09\/Grow-Mix-1.jpg?fit=397%2C596&ssl=1&resize=350%2C200","width":350,"height":200},"classes":[]},{"id":3488,"url":"https:\/\/www.horsefood.ee\/latvia\/pood\/apfel-mix\/","url_meta":{"origin":3492,"position":4},"title":"Appel-mix (kaeravaba \/ harrastus \/ hobi \/ sport \/ heaolu) 20kg","author":"Georg Koppel","date":"14. Apr 2017","format":false,"excerpt":"Kaeravaba klassikaline t\u00e4iends\u00f6\u00f6t hobustele ja ponidele L\u00e4bim\u00f5eldud kaeravaba lisands\u00f6\u00f6t hobustele ja ponidele, kelle puhul on oluline hea maitse ja m\u00f5\u00f5dukas energiatase igap\u00e4evases s\u00f6\u00f6tmises. Appel-Mix on klassikaline kaeravaba m\u00fcsli, mis on loodud hobustele ja ponidele, kellele soovitakse pakkuda maitsvat ja visuaalselt ahvatlevat lisands\u00f6\u00f6ta. Segu \u00fchendab tasakaalustatud koostise ja loomuliku v\u00e4rskuse, sobides\u2026","rel":"","context":"Similar post","block_context":{"text":"Similar post","link":""},"img":{"alt_text":"","src":"https:\/\/i0.wp.com\/www.horsefood.ee\/wp-content\/uploads\/2020\/02\/Kvaliteet-1024x576.png?resize=350%2C200&ssl=1","width":350,"height":200,"srcset":"https:\/\/i0.wp.com\/www.horsefood.ee\/wp-content\/uploads\/2020\/02\/Kvaliteet-1024x576.png?resize=350%2C200&ssl=1 1x, https:\/\/i0.wp.com\/www.horsefood.ee\/wp-content\/uploads\/2020\/02\/Kvaliteet-1024x576.png?resize=525%2C300&ssl=1 1.5x, https:\/\/i0.wp.com\/www.horsefood.ee\/wp-content\/uploads\/2020\/02\/Kvaliteet-1024x576.png?resize=700%2C400&ssl=1 2x"},"classes":[]},{"id":3490,"url":"https:\/\/www.horsefood.ee\/latvia\/pood\/kruidenstruktuurmix\/","url_meta":{"origin":3492,"position":5},"title":"Kruidenstruktuurmix (kaeravaba \/ tervisem\u00fcsli \/ hingamine \/ sport) 20kg","author":"Georg Koppel","date":"14. Apr 2017","format":false,"excerpt":"T\u00e4iends\u00f6\u00f6t. Kaeravaba, \u00e4\u00e4rmiselt\u00a0kergelt seeduv taimem\u00fcsli, mis sobib s\u00f6\u00f6tmiseks k\u00f5ikidele hobustele\/ponidele. See v\u00e4\u00e4rtuslik segu toetab viljakust, kasvu, arengut, sooritusv\u00f5imet ja tervist! Madala suhkrusisaldusega.\u00a0Tervislik segu, mis sisaldab kergelt seeduvaid eelt\u00f6\u00f6deldud teraviljahelbeid, kuivatatud porgandeid, hernehelbeid ning kliisid. V\u00e4rsked lutsernivarred pakuvad piisavalt kiudu ning m\u00fcslisegust saab t\u00e4nu lisatud maitse\u00fcrtidele abi ka kergemate hingamisteede probleemide\u2026","rel":"","context":"Similar post","block_context":{"text":"Similar post","link":""},"img":{"alt_text":"","src":"https:\/\/i0.wp.com\/www.horsefood.ee\/wp-content\/uploads\/2017\/04\/Kruidenstruktuurmix-1.jpg?fit=383%2C575&ssl=1&resize=350%2C200","width":350,"height":200},"classes":[]}],"_links":{"self":[{"href":"https:\/\/www.horsefood.ee\/latvia\/wp-json\/wp\/v2\/product\/3492","targetHints":{"allow":["GET"]}}],"collection":[{"href":"https:\/\/www.horsefood.ee\/latvia\/wp-json\/wp\/v2\/product"}],"about":[{"href":"https:\/\/www.horsefood.ee\/latvia\/wp-json\/wp\/v2\/types\/product"}],"wp:featuredmedia":[{"embeddable":true,"href":"https:\/\/www.horsefood.ee\/latvia\/wp-json\/wp\/v2\/media\/5600"}],"wp:attachment":[{"href":"https:\/\/www.horsefood.ee\/latvia\/wp-json\/wp\/v2\/media?parent=3492"}],"wp:term":[{"taxonomy":"product_brand","embeddable":true,"href":"https:\/\/www.horsefood.ee\/latvia\/wp-json\/wp\/v2\/product_brand?post=3492"},{"taxonomy":"product_cat","embeddable":true,"href":"https:\/\/www.horsefood.ee\/latvia\/wp-json\/wp\/v2\/product_cat?post=3492"},{"taxonomy":"product_tag","embeddable":true,"href":"https:\/\/www.horsefood.ee\/latvia\/wp-json\/wp\/v2\/product_tag?post=3492"}],"curies":[{"name":"wp","href":"https:\/\/api.w.org\/{rel}","templated":true}]}}