{"id":3483,"date":"2017-04-14T20:57:11","date_gmt":"2017-04-14T17:57:11","guid":{"rendered":"http:\/\/hobukomm.ee\/?post_type=product&#038;p=3483"},"modified":"2026-04-15T18:46:48","modified_gmt":"2026-04-15T15:46:48","slug":"refit-energybrok","status":"publish","type":"product","link":"https:\/\/www.horsefood.ee\/latvia\/pood\/refit-energybrok\/","title":{"rendered":"Refit Energybrok (kiire taastumine \/ sport \/ raske t\u00f6\u00f6) 20kg"},"content":{"rendered":"<ul>\n<li><strong>J\u00e4rgnevas tabelis on esitatud toitumuslikud n\u00e4itajad.<\/strong><\/li>\n<li><strong>Tabelis olevad v\u00e4\u00e4rtused vastavad toote kilogrammi kohta.<\/strong><\/li>\n<li><strong>Kuna kasutatakse looduslikku toorainet, v\u00f5ivad allpool loetletud v\u00e4\u00e4rtused m\u00f5ningal m\u00e4\u00e4ral varieeruda.<\/strong><\/li>\n<li><strong>Hobusele olulisemad mikroelemendid on lisatud kelaadivormis e orgaanilisel kujul.<\/strong><\/li>\n<\/ul>\n<hr \/>\n<p>Toorproteiin 14,0%<br \/>\nToorrasv 4,6%<br \/>\nToorkiud 6,5%<br \/>\nToortuhk 6,6%<br \/>\nT\u00e4rklis 34,5%<br \/>\nSuhkur 4,6%<\/p>\n<p>Kaalium 8,7gr<br \/>\nCa \u00a08,0gr<br \/>\nP \u00a06,4gr<br \/>\nMg \u00a04,0gr<br \/>\nNa \u00a03,2gr<\/p>\n<p>Lisandid\/kg:<\/p>\n<p class=\"p1\">A-vitamiin 3a672a 20000 IE<br \/>\nD3-vitamiin 3a671 4000 IE<br \/>\nE-vitamiin 3a700 400 mg<br \/>\nC-vitamiin 3a312 50 mg<br \/>\nBiotiin 3a880 200 mcg<br \/>\nRaud(II)sulfaat monoh\u00fcdraat 3b103 92 mg<br \/>\nTsinkoksiid 3b603 80 mg<br \/>\nKoobaltkabonaat (kattega) 3b304 0.9 mg<br \/>\nMangaanoksiid 3b502 30 mg<br \/>\nNaatriumseleniit 3b801 360 mcg<br \/>\nKaltsiumjodaat (veevaba) 3b202 0.5 mg<br \/>\nVaskkelaat 3b406 10 mg<\/p>\n<p><a href=\"https:\/\/i0.wp.com\/horsefood.ee\/wp-content\/uploads\/2020\/02\/Kvaliteet.png\"><img data-recalc-dims=\"1\" loading=\"lazy\" decoding=\"async\" data-attachment-id=\"9847\" data-permalink=\"https:\/\/www.horsefood.ee\/latvia\/hinnakiri\/kvaliteet\/#main\" data-orig-file=\"https:\/\/i0.wp.com\/www.horsefood.ee\/wp-content\/uploads\/2020\/02\/Kvaliteet.png?fit=1920%2C1080&amp;ssl=1\" data-orig-size=\"1920,1080\" data-comments-opened=\"0\" data-image-meta=\"{&quot;aperture&quot;:&quot;0&quot;,&quot;credit&quot;:&quot;&quot;,&quot;camera&quot;:&quot;&quot;,&quot;caption&quot;:&quot;&quot;,&quot;created_timestamp&quot;:&quot;0&quot;,&quot;copyright&quot;:&quot;&quot;,&quot;focal_length&quot;:&quot;0&quot;,&quot;iso&quot;:&quot;0&quot;,&quot;shutter_speed&quot;:&quot;0&quot;,&quot;title&quot;:&quot;&quot;,&quot;orientation&quot;:&quot;0&quot;}\" data-image-title=\"\" data-image-description=\"\" data-image-caption=\"\" data-medium-file=\"https:\/\/i0.wp.com\/www.horsefood.ee\/wp-content\/uploads\/2020\/02\/Kvaliteet.png?fit=300%2C169&amp;ssl=1\" data-large-file=\"https:\/\/i0.wp.com\/www.horsefood.ee\/wp-content\/uploads\/2020\/02\/Kvaliteet.png?fit=1020%2C574&amp;ssl=1\" class=\"size-large wp-image-9847 alignleft\" src=\"https:\/\/i0.wp.com\/horsefood.ee\/wp-content\/uploads\/2020\/02\/Kvaliteet-1024x576.png?resize=980%2C551\" alt=\"\" width=\"980\" height=\"551\" srcset=\"https:\/\/i0.wp.com\/www.horsefood.ee\/wp-content\/uploads\/2020\/02\/Kvaliteet.png?resize=1024%2C576&amp;ssl=1 1024w, https:\/\/i0.wp.com\/www.horsefood.ee\/wp-content\/uploads\/2020\/02\/Kvaliteet.png?resize=300%2C169&amp;ssl=1 300w, https:\/\/i0.wp.com\/www.horsefood.ee\/wp-content\/uploads\/2020\/02\/Kvaliteet.png?resize=768%2C432&amp;ssl=1 768w, https:\/\/i0.wp.com\/www.horsefood.ee\/wp-content\/uploads\/2020\/02\/Kvaliteet.png?resize=1536%2C864&amp;ssl=1 1536w, https:\/\/i0.wp.com\/www.horsefood.ee\/wp-content\/uploads\/2020\/02\/Kvaliteet.png?resize=416%2C234&amp;ssl=1 416w, https:\/\/i0.wp.com\/www.horsefood.ee\/wp-content\/uploads\/2020\/02\/Kvaliteet.png?w=1920&amp;ssl=1 1920w\" sizes=\"(max-width: 980px) 100vw, 980px\" \/><\/a><\/p>\n<p>&nbsp;<\/p>\n<p>&nbsp;<\/p>","protected":false},"excerpt":{"rendered":"<p>T\u00e4iends\u00f6\u00f6t. K\u00f5ikidele hobuspordialadele sobiv graanul, treenimisel kuni k\u00f5rgeima koormuseni. <strong>J\u00e4rk-j\u00e4rgult vabanev energia.\u00a0<\/strong><\/p>\n<ul>\n<li>Sisaldab <strong>looduslikku p\u00e4ritolu antioks\u00fcdante<\/strong>. Tugevdab immuuns\u00fcsteemi.<\/li>\n<li>K\u00f5ikide vitamiinide ning -mineraalainete taset on suunatud vastamaks saavutusspordi ootustele &#8211;<strong> suurem kogus kaltsiumit, fosforit ning magneesiumit<\/strong>. Parandab lihaste ainevahetust, tagab kiire taastumisev\u00f5ime ning normaliseerib s\u00fcdame l\u00f6\u00f6gisagedust peale saavutust.<\/li>\n<li><strong>K\u00f5rge valgusisaldus<\/strong>, et olla piisav loomaorganismile treenimisel k\u00f5rgeimal spordi tasemel.<\/li>\n<\/ul>\n<p><strong>Koostis:\u00a0<\/strong>oder, nisu semolina, mais, linnaseidud, linaseemned, peedimelass, nisu, eelsegu, nisu aleuroon, r\u00f6stitud sojaoad, kriit, nisujahu.<\/p>\n<p><em>Hobuse poolt seeditav energia 14,0MJ\/kg<\/em><br \/>\n<em>Hobuse poolt seeditav valk vREp 10,0%<\/em><\/p>\n<p>EWPa 0,93\/kg<\/p>\n<p>S\u00d6\u00d6TMISSOOVITUSED 100kg\/kehakaalu kohta:<\/p>\n<ul>\n<li><strong>\u00dclalpidamine\u00a0<\/strong>&#8211; 0,2 -0,3 kg<\/li>\n<li><strong>Kerge t\u00f6\u00f6\u00a0<\/strong>&#8211; 0,4-0,5kg<\/li>\n<li><strong>Keskmine t\u00f6\u00f6\u00a0<\/strong>&#8211; 0,6-0,7kg<\/li>\n<li><strong>K\u00f5rgeim koormus\u00a0<\/strong>&#8211; 0,8-1,0kg<\/li>\n<\/ul>\n<p><a href=\"http:\/\/horsefood.ee\/wp-content\/uploads\/2017\/04\/Tarkusetera.png\"><img loading=\"lazy\" decoding=\"async\" class=\"aligncenter size-full wp-image-5170\" src=\"http:\/\/horsefood.ee\/wp-content\/uploads\/2017\/04\/Tarkusetera.png\" alt=\"\" width=\"794\" height=\"1123\" srcset=\"https:\/\/i0.wp.com\/www.horsefood.ee\/wp-content\/uploads\/2017\/04\/Tarkusetera.png?w=794&amp;ssl=1 794w, https:\/\/i0.wp.com\/www.horsefood.ee\/wp-content\/uploads\/2017\/04\/Tarkusetera.png?resize=212%2C300&amp;ssl=1 212w, https:\/\/i0.wp.com\/www.horsefood.ee\/wp-content\/uploads\/2017\/04\/Tarkusetera.png?resize=768%2C1086&amp;ssl=1 768w, https:\/\/i0.wp.com\/www.horsefood.ee\/wp-content\/uploads\/2017\/04\/Tarkusetera.png?resize=724%2C1024&amp;ssl=1 724w, https:\/\/i0.wp.com\/www.horsefood.ee\/wp-content\/uploads\/2017\/04\/Tarkusetera.png?resize=127%2C180&amp;ssl=1 127w, https:\/\/i0.wp.com\/www.horsefood.ee\/wp-content\/uploads\/2017\/04\/Tarkusetera.png?resize=424%2C600&amp;ssl=1 424w\" sizes=\"(max-width: 794px) 100vw, 794px\" \/><\/a><\/p>","protected":false},"featured_media":5593,"template":"","meta":{"jetpack_post_was_ever_published":false,"jetpack_publicize_message":"","jetpack_publicize_feature_enabled":true,"jetpack_social_post_already_shared":false,"jetpack_social_options":{"image_generator_settings":{"template":"highway","enabled":false},"version":2}},"product_brand":[],"product_cat":[56,37],"product_tag":[77,67,65],"class_list":{"0":"post-3483","1":"product","2":"type-product","3":"status-publish","4":"has-post-thumbnail","6":"product_cat-horsefoodthebest","7":"product_cat-graanulid","8":"product_tag-harrastus","9":"product_tag-keskmine-koormus","10":"product_tag-tippsooritus","12":"first","13":"instock","14":"shipping-taxable","15":"purchasable","16":"product-type-simple"},"jetpack_publicize_connections":[],"jetpack_sharing_enabled":true,"jetpack-related-posts":[],"_links":{"self":[{"href":"https:\/\/www.horsefood.ee\/latvia\/wp-json\/wp\/v2\/product\/3483"}],"collection":[{"href":"https:\/\/www.horsefood.ee\/latvia\/wp-json\/wp\/v2\/product"}],"about":[{"href":"https:\/\/www.horsefood.ee\/latvia\/wp-json\/wp\/v2\/types\/product"}],"wp:featuredmedia":[{"embeddable":true,"href":"https:\/\/www.horsefood.ee\/latvia\/wp-json\/wp\/v2\/media\/5593"}],"wp:attachment":[{"href":"https:\/\/www.horsefood.ee\/latvia\/wp-json\/wp\/v2\/media?parent=3483"}],"wp:term":[{"taxonomy":"product_brand","embeddable":true,"href":"https:\/\/www.horsefood.ee\/latvia\/wp-json\/wp\/v2\/product_brand?post=3483"},{"taxonomy":"product_cat","embeddable":true,"href":"https:\/\/www.horsefood.ee\/latvia\/wp-json\/wp\/v2\/product_cat?post=3483"},{"taxonomy":"product_tag","embeddable":true,"href":"https:\/\/www.horsefood.ee\/latvia\/wp-json\/wp\/v2\/product_tag?post=3483"}],"curies":[{"name":"wp","href":"https:\/\/api.w.org\/{rel}","templated":true}]}}