{"id":12970,"date":"2021-05-11T20:18:31","date_gmt":"2021-05-11T17:18:31","guid":{"rendered":"https:\/\/horsefood.ee\/?post_type=product&#038;p=12970"},"modified":"2026-02-08T11:18:23","modified_gmt":"2026-02-08T09:18:23","slug":"heparen-12-kg","status":"publish","type":"product","link":"https:\/\/www.horsefood.ee\/latvia\/pood\/heparen-12-kg\/","title":{"rendered":"HEPAREN+ (Neerude ja maksa kaitse) 1000ml"},"content":{"rendered":"<p><em><strong>See on dieettoit maksa ja neerude toetamiseks. Kasutatakse Teie hobuse tervise s\u00e4ilitamiseks, maksimaalse vastupidavuse ja eluj\u00f5u saavutamiseks.<span class=\"Apple-converted-space\">\u00a0<\/span><\/strong><\/em><\/p>\n<hr \/>\n<p>Hobuse organism peab t\u00f6\u00f6tlema palju j\u00e4\u00e4kaineid. Maksa, neerude ning vereringe ja -rakkudega seotud probleemid on tippspordihobustel v\u00e4ga levinud.<span class=\"Apple-converted-space\">\u00a0<\/span><\/p>\n<p><b>Treeningu ajal toodab hobuse keha oks\u00fcdatiivseid j\u00e4\u00e4kaineid (<\/b>vabu radikaale, piimhapet jm<b>), mis on rakkudele koormaks. HEPAREN+ aitab organismil neist kiiremini vabaneda, kasutades selleks taimedest ammutatud toimeaineid (aktiivsed taimsed ained).<\/b><\/p>\n<p><b>Samuti sisaldab HEPAREN+ k\u00f5iki olulisi vitamiine ning mikroelemente v\u00f5istlushobuse \u00fcldise seisundi parandamiseks.<span class=\"Apple-converted-space\">\u00a0<\/span><\/b><\/p>\n<p><strong>HEPAREN+<\/strong> annab hobusele lisarauda(Fe) ning suure B-vitamiini kompleksi annuse.<span class=\"Apple-converted-space\">\u00a0<\/span><\/p>\n<p><b>Rakendus:<\/b><\/p>\n<ul>\n<li>Hobused, kes vajavad abi p\u00e4rast treeningut taastumisel,<\/li>\n<li>hobused, kellel on metaboolsed h\u00e4ired nagu n\u00e4iteks rasvumine,<\/li>\n<li>karvavahetushooajal, mil hobustel esineb tihti madal energiatase,<\/li>\n<li>noored varsad,<\/li>\n<li>p\u00e4rast l\u00fchi- ja pikaajalist ravikuuri,<\/li>\n<li>rikkalikul dieedil olevad hobused,<\/li>\n<li>taastuvad v\u00f5i vanad hobused.<\/li>\n<\/ul>\n<p><b>Annustamine:<\/b><\/p>\n<ul>\n<li><strong>Sporthobustele:<\/strong> Soovitame 25 ml \/ 2 x\u00a0 p\u00e4evas, v\u00e4hemalt 5 p\u00e4eva. Siis v\u00e4hendage annust 25 ml \/ 1 x p\u00e4evas.<\/li>\n<li><strong>Poni, vabaajahobune, varss:<\/strong> soovitame 15 ml \/ 2x p\u00e4evas, v\u00e4hemalt 5 p\u00e4eva. Seej\u00e4rel v\u00e4hendage normaalseks annuseks 15 ml \/ 1x p\u00e4evas.<\/li>\n<\/ul>\n<p>Veenduge, et hobusel oleks pidev juurdep\u00e4\u00e4s v\u00e4rskele joogiveele!<\/p>\n<p><strong>Kasutamise kestvus:<\/strong><\/p>\n<p>Lisage soovitatud kogus p\u00e4evaratsioonile v\u00e4hemalt neljal j\u00e4rjestikusel n\u00e4dalal. Tihti antakse <strong>HEPAREN+<\/strong> aktiivsetele v\u00f5istlushobustele intensiivse treeninguga seotud \u00fcrituste vahelisel v\u00f5i j\u00e4rgneval puhkeperioodil.<\/p>\n<p><strong>Maksimaalne p\u00e4evaannus<\/strong>: 50 ml p\u00e4evas poni kohta ja 100 ml t\u00e4iskasvanud hobuse kohta p\u00e4evas.<\/p>\n<p><strong>Vastun\u00e4idustused:<\/strong><\/p>\n<p>Soovitatav on p\u00f6\u00f6rduda veterinaararsti poole enne tiinete &#8211; v\u00f5i imetavate m\u00e4radele toote manustamist.<\/p>\n<hr \/>\n<p><span class=\"Apple-converted-space\"><strong>KOOSTIS:<\/strong><br \/>\n<\/span><\/p>\n<p><span class=\"Apple-converted-space\">Sahharoos, dekstroos, gl\u00fctseriin.<br \/>\nLisandid: Vitamiinid ja provitamiinid: Vitamiin B9, Vitamiin B2, Vitamiin<br \/>\nB1, vitamiin B6, koliinkloriid, inositool, vitamiin B12.<br \/>\nAminohapped ja nende analoogid: DL-metioniin. Mikroelemendid: Raud (II)<br \/>\ngl\u00fctsiinh\u00fcdraadi \/ raua kelaat E1, gl\u00fctsiinh\u00fcdraadi \/ tsingi tsinkkelaat<br \/>\nE6, gl\u00fctsiinh\u00fcdraadi vask (II) kelaat \/ vask E4, mangaankelaat<br \/>\ngl\u00fctsiinh\u00fcdraadi \/ mangaani E5.<br \/>\n+ Aromaatsed lisandid: arti\u0161oki (Cynara scolymus) ekstrakt,<\/span><\/p>\n<p><strong>Anal\u00fc\u00fctiline koostis:<\/strong><\/p>\n<p>71,6% Niiskus<\/p>\n<p>7,2% Toorvalk<\/p>\n<p>0,4% Toorrasv<\/p>\n<p>0,0% Toorkiud<\/p>\n<p>2,7% Toortuhk<\/p>\n<p>0,1% Naatrium<\/p>\n<p>14,9% Suhkur<\/p>\n<p>0,0% T\u00e4rklis<\/p>\n<p>Tootja:\u00a0<strong>JULIAN &amp; JONES\u00ae<\/strong>, Sveit\u0161. Dopinguvaba!<\/p>","protected":false},"excerpt":{"rendered":"<p>See on dieettoit maksa ja neerude toetamiseks. Kasutatakse Teie hobuse tervise s\u00e4ilitamiseks, maksimaalse vastupidavuse ja eluj\u00f5u saavutamiseks.\u00a0 Hobuse organism peab t\u00f6\u00f6tlema palju j\u00e4\u00e4kaineid. Maksa, neerude ning vereringe ja -rakkudega seotud probleemid on tippspordihobustel v\u00e4ga levinud.\u00a0 Treeningu ajal toodab hobuse keha oks\u00fcdatiivseid j\u00e4\u00e4kaineid (vabu radikaale, piimhapet jm), mis on rakkudele koormaks. HEPAREN+ aitab organismil neist kiiremini vabaneda, kasutades selleks taimedest ammutatud toimeaineid (aktiivsed taimsed ained). Samuti sisaldab HEPAREN+ k\u00f5iki olulisi vitamiine ning mikroelemente v\u00f5istlushobuse \u00fcldise seisundi [&#8230;]\n","protected":false},"featured_media":12971,"template":"","meta":{"jetpack_post_was_ever_published":false,"jetpack_publicize_message":"","jetpack_publicize_feature_enabled":true,"jetpack_social_post_already_shared":true,"jetpack_social_options":{"image_generator_settings":{"template":"highway","default_image_id":0,"font":"","enabled":false},"version":2}},"product_brand":[],"product_cat":[56],"product_tag":[72,76,65,69,82],"class_list":{"0":"post-12970","1":"product","2":"type-product","3":"status-publish","4":"has-post-thumbnail","6":"product_cat-horsefoodthebest","7":"product_tag-ainevahetushaigused","8":"product_tag-heaolu-ja-tervis","9":"product_tag-tippsooritus","10":"product_tag-seenioritele","11":"product_tag-ulekaalulisus","13":"first","14":"outofstock","15":"shipping-taxable","16":"purchasable","17":"product-type-simple"},"jetpack_publicize_connections":[],"jetpack_sharing_enabled":true,"jetpack-related-posts":[{"id":18096,"url":"https:\/\/www.horsefood.ee\/latvia\/pood\/detox-immuno-support\/","url_meta":{"origin":12970,"position":0},"title":"Detox Immuno Support (immuunsus\/heaolu\/tervis)","author":"kadri koppel","date":"25. Okt 2023","format":false,"excerpt":"Horsefood Detox Immuno Support on loodud maksa, neerude ja immuuns\u00fcsteemi toetamiseks. M\u00fcrgiste- ja j\u00e4\u00e4kainete eemaldamisel organismist m\u00e4ngivat k\u00f5ige t\u00e4htsamat rolli maks ja neerud. Need organid m\u00f5jutavad ka hobuse hormonaalset tasakaalu ja ainevahetust.\u00a0 \u00d5igeaegne detokskuur on oluline maksa- ja neerufunktsiooni toetamiseks. Antud toode on loodud hobustele, kes vajavad taastumist peale rasket\u2026","rel":"","context":"Similar post","block_context":{"text":"Similar post","link":""},"img":{"alt_text":"","src":"https:\/\/i0.wp.com\/www.horsefood.ee\/wp-content\/uploads\/2023\/10\/IMG_0772.jpeg?fit=1200%2C1108&ssl=1&resize=350%2C200","width":350,"height":200,"srcset":"https:\/\/i0.wp.com\/www.horsefood.ee\/wp-content\/uploads\/2023\/10\/IMG_0772.jpeg?fit=1200%2C1108&ssl=1&resize=350%2C200 1x, https:\/\/i0.wp.com\/www.horsefood.ee\/wp-content\/uploads\/2023\/10\/IMG_0772.jpeg?fit=1200%2C1108&ssl=1&resize=525%2C300 1.5x, https:\/\/i0.wp.com\/www.horsefood.ee\/wp-content\/uploads\/2023\/10\/IMG_0772.jpeg?fit=1200%2C1108&ssl=1&resize=700%2C400 2x, https:\/\/i0.wp.com\/www.horsefood.ee\/wp-content\/uploads\/2023\/10\/IMG_0772.jpeg?fit=1200%2C1108&ssl=1&resize=1050%2C600 3x"},"classes":[]},{"id":22279,"url":"https:\/\/www.horsefood.ee\/latvia\/pood\/alfalux-cube\/","url_meta":{"origin":12970,"position":1},"title":"Horsefood AlfaLux Cube \u2013 lutsernikuubikud (18 kg)","author":"Kaido Koppel","date":"7. Okt 2025","format":false,"excerpt":"Horsefood AlfaLux Cube on looduslikust lutsernist ja heintaimedest valmistatud kiurikas lisands\u00f6\u00f6t, mis toetab hobuse seedimist ja \u00fcldist heaolu. K\u00f5rge kiusisaldus pikendab s\u00f6\u00f6misprotsessi, soodustab s\u00fclje teket ja aitab s\u00e4ilitada tervet mao- ja soolestikus\u00fcsteemi. Lisatud p\u00fcsihein (sainfoin) on v\u00e4\u00e4rtuslik liblik\u00f5ieline s\u00f6\u00f6dakultuur, mis toetab hobuse immuunsust ja seedimist. Bentoniiit, looduslik savimineraal, aitab kaitsta\u2026","rel":"","context":"Similar post","block_context":{"text":"Similar post","link":""},"img":{"alt_text":"","src":"https:\/\/i0.wp.com\/www.horsefood.ee\/wp-content\/uploads\/2025\/10\/AlfaLux-Cubes-flyer-EN.png?fit=846%2C1200&ssl=1&resize=350%2C200","width":350,"height":200,"srcset":"https:\/\/i0.wp.com\/www.horsefood.ee\/wp-content\/uploads\/2025\/10\/AlfaLux-Cubes-flyer-EN.png?fit=846%2C1200&ssl=1&resize=350%2C200 1x, https:\/\/i0.wp.com\/www.horsefood.ee\/wp-content\/uploads\/2025\/10\/AlfaLux-Cubes-flyer-EN.png?fit=846%2C1200&ssl=1&resize=525%2C300 1.5x, https:\/\/i0.wp.com\/www.horsefood.ee\/wp-content\/uploads\/2025\/10\/AlfaLux-Cubes-flyer-EN.png?fit=846%2C1200&ssl=1&resize=700%2C400 2x"},"classes":[]},{"id":17511,"url":"https:\/\/www.horsefood.ee\/latvia\/pood\/gastro-activecare-mix-teravilja-melassi-ja-gluteenivaba-korge-kiudainesisaldus-lisatud-parm-ja-magneesium-20kg\/","url_meta":{"origin":12970,"position":2},"title":"Gastro Activecare-Mix (teravilja-, melassi- ja gluteenivaba \/ k\u00f5rge kiudainesisaldus \/ lisatud p\u00e4rm ja magneesium \/ k\u00f5rgeim koormus) 20kg","author":"kadri koppel","date":"21. J\u016bl 2023","format":false,"excerpt":"L\u00e4bim\u00f5eldud kiudainerikas m\u00fcsli sporthobustele, kellel on tundlik seedimine, kuid kes t\u00f6\u00f6tavad ka k\u00f5rgema koormuse juures. T\u00e4iends\u00f6\u00f6t. Gastro Activecare-Mix on loodud hobustele, kelle puhul ei sobi traditsioonilised teraviljarikkad s\u00f6\u00f6dad, kuid kellelt oodatakse siiski j\u00f5udlust, vastupidavust ja head t\u00f6\u00f6v\u00f5imet ka intensiivse treeningu ja v\u00f5istlusperioodil. K\u00f5rge toorkiu sisaldus (u 21%) toetab s\u00fclje tootmist\u2026","rel":"","context":"Similar post","block_context":{"text":"Similar post","link":""},"img":{"alt_text":"","src":"https:\/\/i0.wp.com\/www.horsefood.ee\/wp-content\/uploads\/2023\/07\/Gastro-ActiveCare-Mix-1.jpg?fit=720%2C1024&ssl=1&resize=350%2C200","width":350,"height":200,"srcset":"https:\/\/i0.wp.com\/www.horsefood.ee\/wp-content\/uploads\/2023\/07\/Gastro-ActiveCare-Mix-1.jpg?fit=720%2C1024&ssl=1&resize=350%2C200 1x, https:\/\/i0.wp.com\/www.horsefood.ee\/wp-content\/uploads\/2023\/07\/Gastro-ActiveCare-Mix-1.jpg?fit=720%2C1024&ssl=1&resize=525%2C300 1.5x, https:\/\/i0.wp.com\/www.horsefood.ee\/wp-content\/uploads\/2023\/07\/Gastro-ActiveCare-Mix-1.jpg?fit=720%2C1024&ssl=1&resize=700%2C400 2x"},"classes":[]},{"id":8688,"url":"https:\/\/www.horsefood.ee\/latvia\/pood\/graanvrij-mix-teraviljavaba-muslisegu-melassivaba-madal-suhkur-tarklis-20kg\/","url_meta":{"origin":12970,"position":3},"title":"Graanvrij-Mix (teravilja- ja melassivaba \/ madal suhkur-t\u00e4rklis \/ probiootikum \/ kerge-keskmine t\u00f6\u00f6) 20kg","author":"kadri koppel","date":"29. Jan 2020","format":false,"excerpt":"L\u00e4bim\u00f5eldud teravilja- ja melassivaba t\u00e4iends\u00f6\u00f6t hobustele, kelle t\u00f6\u00f6koormus on kerge kuni keskmine ning kelle puhul on oluline seedes\u00fcsteemi tasakaal ja kontrollitud energiatase. Grainfree-Mix on t\u00e4iss\u00f6\u00f6t hobustele, kellel ei sobi teraviljarikkad s\u00f6\u00f6dad ning kelle ratsioon peab olema madala suhkru- ja t\u00e4rklisesisaldusega. Sobib h\u00e4sti igap\u00e4evaseks s\u00f6\u00f6tmiseks hobustele, kelle energiavajadus ei ole k\u00f5rge,\u2026","rel":"","context":"Similar post","block_context":{"text":"Similar post","link":""},"img":{"alt_text":"","src":"https:\/\/i0.wp.com\/www.horsefood.ee\/wp-content\/uploads\/2019\/03\/26.-Teraviljavaba-poster.png?fit=365%2C500&ssl=1&resize=350%2C200","width":350,"height":200},"classes":[]},{"id":12959,"url":"https:\/\/www.horsefood.ee\/latvia\/pood\/hoof-resilience-shine\/","url_meta":{"origin":12970,"position":4},"title":"HOOF RESILIENCE &#038; SHINE (Kabjasalv) 850ml","author":"Kaido Koppel","date":"11. Mai 2021","format":false,"excerpt":"Kabja vastupidavus ja s\u00e4ra! Traditsiooniliselt toodetud kabjam\u00e4\u00e4re.\u00a0 Hoolikalt valitud \u00f5lide segu, mida saab kasutada pragunenud, tundlike ja\/v\u00f5i habraste kapjade jaoks. See parandab kabja kvaliteeti, soodustab kabja kasvu ning tagab optimaalse niiskustasakaalu. Spetsiifiliste eeterlike \u00f5lide olemasolu tagab vastupidavuse ning laseb hobuse kapjadel s\u00e4rada.\u00a0 \u00d5li on oluline m\u00e4\u00e4rida harjaga mitu korda n\u00e4dalas\u2026","rel":"","context":"Similar post","block_context":{"text":"Similar post","link":""},"img":{"alt_text":"","src":"https:\/\/i0.wp.com\/www.horsefood.ee\/wp-content\/uploads\/2021\/05\/Hoof-resilience-black-750ml-sh.jpg?fit=1200%2C1200&ssl=1&resize=350%2C200","width":350,"height":200,"srcset":"https:\/\/i0.wp.com\/www.horsefood.ee\/wp-content\/uploads\/2021\/05\/Hoof-resilience-black-750ml-sh.jpg?fit=1200%2C1200&ssl=1&resize=350%2C200 1x, https:\/\/i0.wp.com\/www.horsefood.ee\/wp-content\/uploads\/2021\/05\/Hoof-resilience-black-750ml-sh.jpg?fit=1200%2C1200&ssl=1&resize=525%2C300 1.5x, https:\/\/i0.wp.com\/www.horsefood.ee\/wp-content\/uploads\/2021\/05\/Hoof-resilience-black-750ml-sh.jpg?fit=1200%2C1200&ssl=1&resize=700%2C400 2x, https:\/\/i0.wp.com\/www.horsefood.ee\/wp-content\/uploads\/2021\/05\/Hoof-resilience-black-750ml-sh.jpg?fit=1200%2C1200&ssl=1&resize=1050%2C600 3x"},"classes":[]},{"id":3492,"url":"https:\/\/www.horsefood.ee\/latvia\/pood\/easy-mix\/","url_meta":{"origin":12970,"position":5},"title":"Easy-mix (kaeravaba \/ n\u00e4rvilisus \/ sport \/ keskmine koormus) 20kg","author":"Georg Koppel","date":"14. Apr 2017","format":false,"excerpt":"Kaeravaba m\u00fcsli hobustele L\u00e4bim\u00f5eldud kaeravaba lisands\u00f6\u00f6t hobustele, kelle puhul on oluline piisav energiavarustus ilma liigse erutuvuseta ning kes t\u00f6\u00f6tavad \u00fclalpidamisel kuni keskmise koormusega. See kaeravaba m\u00fcsli on loodud hobustele, kellele on vaja anda h\u00e4sti omastatavat energiat, hoides samal ajal temperamendi rahuliku ja kontrollituna. Sobib igap\u00e4evaseks kasutamiseks hobustele, kes teevad keskmist\u2026","rel":"","context":"Similar post","block_context":{"text":"Similar post","link":""},"img":{"alt_text":"","src":"https:\/\/i0.wp.com\/www.horsefood.ee\/wp-content\/uploads\/2017\/04\/Easy-Mix-1.jpg?fit=383%2C575&ssl=1&resize=350%2C200","width":350,"height":200},"classes":[]}],"_links":{"self":[{"href":"https:\/\/www.horsefood.ee\/latvia\/wp-json\/wp\/v2\/product\/12970","targetHints":{"allow":["GET"]}}],"collection":[{"href":"https:\/\/www.horsefood.ee\/latvia\/wp-json\/wp\/v2\/product"}],"about":[{"href":"https:\/\/www.horsefood.ee\/latvia\/wp-json\/wp\/v2\/types\/product"}],"wp:featuredmedia":[{"embeddable":true,"href":"https:\/\/www.horsefood.ee\/latvia\/wp-json\/wp\/v2\/media\/12971"}],"wp:attachment":[{"href":"https:\/\/www.horsefood.ee\/latvia\/wp-json\/wp\/v2\/media?parent=12970"}],"wp:term":[{"taxonomy":"product_brand","embeddable":true,"href":"https:\/\/www.horsefood.ee\/latvia\/wp-json\/wp\/v2\/product_brand?post=12970"},{"taxonomy":"product_cat","embeddable":true,"href":"https:\/\/www.horsefood.ee\/latvia\/wp-json\/wp\/v2\/product_cat?post=12970"},{"taxonomy":"product_tag","embeddable":true,"href":"https:\/\/www.horsefood.ee\/latvia\/wp-json\/wp\/v2\/product_tag?post=12970"}],"curies":[{"name":"wp","href":"https:\/\/api.w.org\/{rel}","templated":true}]}}