{"id":3698,"date":"2017-04-25T19:07:45","date_gmt":"2017-04-25T16:07:45","guid":{"rendered":"http:\/\/horsefood.ee\/?page_id=3698"},"modified":"2021-04-02T20:01:05","modified_gmt":"2021-04-02T17:01:05","slug":"blogi","status":"publish","type":"page","link":"https:\/\/www.horsefood.ee\/latvia\/blogi\/","title":{"rendered":"Blogi"},"content":{"rendered":"<style type=\"text\/css\">\n\t\/**\n\t * Table of Contents\n\t *\n\t * 1.0 - Pagination\n\t * 2.0 - Social Media Icon\n\t * 3.0 - Default Blog Template\n\t * 4.0 - Classical Template\n\t * 5.0 - Light Breeze Template\n\t * 6.0 - Spektrum Template\n\t * 7.0 - Evolution Template\n\t * 8.0 - Timeline Template\n\t * 9.0 - News Template\n\t * 10.0 - Sallet Template\n\t * 11.0 - Media Grid Template\n\t * 12.0 - Crayon Slider Template\n\t * 13.0 - Blog-Carousel Template\n\t * 14.0 - Blog-Grid-Box Template\n\t * 15.0 - Ticker Template\n\t *\n\t *\/\n\t\/**\n\t * 1.0 - Pagination\n\t *\/\n\t.bdp-load-more a.button.bdp-load-more-btn {\n\t\tbackground-color: #ddbc16;\t\tcolor: #0c0000;\t\tfont-size:14px;\t}\n\t.bd_pagination_box.wl_pagination_box .paging-navigation ul.page-numbers li a.page-numbers:hover,\n\t.bd_pagination_box.wl_pagination_box .paging-navigation ul.page-numbers li > span.current {\n\t\tbackground-color: #ddbc16;\t\tcolor: #0c0000;\t\tfont-size:14px;\t}\n\t.bd_pagination_box.wl_pagination_box .paging-navigation ul.page-numbers li a.page-numbers {\n\t\tbackground-color: #0c0000;\t\tcolor: #ddbc16;\t\tfont-size:14px;\t}\n\t.bd_pagination_box.wl_pagination_box .paging-navigation ul.page-numbers li a.page-numbers.dots {\n\t\tfont-size:14px !important;\t}\n\t\/**\n\t * 2.0 - Social Media Icon\n\t *\/    \n\t.blog_template .social-component a {\n\t\tborder-radius: 100%;\t}\n\t\/**\n\t * Post Title Setting\n\t *\/\n\t.bdp_blog_template .blog_header h2 a span,\n    .bdp_blog_template .bd-blog-header h2 a span,\n\t.glossary .blog_header h2 a span,\n\t.bdp_blog_template.media-grid .blog_header h2 a span,\n\t.bdp_blog_template.timeline .desc h3 a span,\n\t.blog_template.blog-grid-box h2.post_title a span{\n\t\t\t\t\t\t\t\tword-break : normal;\n\t\t\t\t\t\n\t}\n\n\t\/**\n\t * 3.0 - Default Blog Template\n\t *\/\n\t\t.blog_template .bd-more-tag-inline {\n\t\tcolor: #0c0000 !important;\t\tfont-size:14px;\t}\n\t\t\t.bdp_blog_template .blog_header h2 a,\n\t\t.bdp_blog_template .bd-blog-header h2 a,\n\t\t.bdp_blog_template .bd_ad_container h4 {\n\t\t\tcolor: #0c0202 !important;\t\t\tfont-size: 35px;\t\t\t\n\t\t}\n\t\t.bdp_blog_template .blog_header h2,\n\t\t.bdp_blog_template .bd-blog-header h2,\n\t\t.blog_template .bd_ad_container h4 {\n\t\t\tfont-size: 35px;\t\t}\n\t\t.post_content-inner p,\n\t.bd-post-content {\n\t\t\t\tfont-size:14px;\t}\n\t.bdp_blog_template .bd-metacats,\n\t.bd-tags,\n\tspan.bd-category-link,\n\t.bdp_blog_template .author,\n\t.bdp_blog_template .date,\n\t.bdp_blog_template .bd-categories,\n\t.bdp_blog_template.evolution .bd-categories a,\n\t.bdp_blog_template .bd-categories a,\n\t.bd-meta-data-box .bd-metacats,\n\t.bd-meta-data-box .bd-metacomments,\n\t.bd-meta-data-box .bd-metacomments span,\n\t.bdp_blog_template .date i, .bdp_blog_template .author i, .bdp_blog_template .comment i,\n\t.bd-tags a,\n\tspan.bd-category-link a,\n\t.bd-metadatabox p,\n\tspan .bd-link-label,\n\t.bdp_blog_template .blog_footer span,\n\t.bd-metacomments i,\n\t.date_wrap i,\n\t.bdp_blog_template a,\n\t.bdp_blog_template .post_content,\n\t.bd-categories i,\n\t.bdp_blog_template.spektrum .post-bottom .post-by,\n\t.bdp_blog_template.spektrum .post-bottom .bd-tags,\n\t.bd-metadatabox,\n\t.bdp_blog_template.news .bd-blog-header .bd-metadatabox a,\n\t.bdp_blog_template.news .post-content-div .post_cat_tag > span i,\n\t.bdp_blog_template .bd-meta-data-box .bd-metadate, .bdp_blog_template .bd-meta-data-box .bd-metauser, .bdp_blog_template .bd-meta-data-box .bd-metacats,\n\t.bd-meta-data-box .bd-metacats a,\n\t.bd-meta-data-box .bd-metacomments a,\n\t.bdp_blog_template.box-template .bd-tags,\n\t.bdp_blog_template .datetime,\n\t.bdp_blog_template .link-lable,\n\t.bdp_blog_template .post-date\n\t.bdp_blog_template .bd_ad_container p, .blog_template .bd_ad_container, .bdp_blog_template .post-date, .bdp_blog_template .post-comment span {\n\t\tfont-size:14px;\t}\n\t.bdp_blog_template .date,\n\t.bdp_blog_template .comment,\n\t.bdp_blog_template .author .bd-icon-author,\n\t.bdp_blog_template .author,\n\t.bdp_blog_template.news .post-content-div .post_cat_tag > span i ,\n\t.bdp_blog_template .post-by,\n\t.bdp_blog_template .bd-categories i,\n\t.bdp_blog_template .bd-metacats i,\n\t.bdp_blog_template .category-link i,\n\t.bdp_blog_template .bd-tags i,\n\t.bdp_blog_template .bd-metacomments,\n\t.bdp_blog_template .date_wrap i,\n\t.bdp_blog_template .post-date,\n\t.bdp_blog_template .link-lable,\n\t.bdp_blog_template .datetime,\n\t.bdp_blog_template.glossary .post-author span,\n\t.bdp_blog_template .post_content-inner p,\n\t.bdp_blog_template .post_content,\n\t.bdp_blog_template .tags i {\n\t\t\t}\n\t.bdp_blog_template .bd-meta-data-box {\n\t\t\t}\n\t\t.bd-link-label {\n\t\t\t}\n\t.bdp_blog_template a.bd-more-tag {\n\t\tbackground-color: #ddbc16!important;\t\tcolor: #0c0000!important;\t}\n\t\t\t.bdp_blog_template a.bd-more-tag:hover {\n\t\t\tbackground-color: #0c0000!important;\t\t\tcolor: #ddbc16!important;\t\t}\n\t\t.bdp_blog_template i {\n\t\tfont-style: normal !important;\n\t}\n\t\t\t\t\t\t\/**\n\t * 4.0 - Classical Template\n\t *\/\n\t.bdp_blog_template.classical .bd-blog-header .bd-tags {\n\t\t\t}\n\t\/**\n\t * 5.0 - Light Breeze Template\n\t *\/\n\t\/**\n\t * 6.0 - Spektrum Template\n\t *\/\n\t.bdp_blog_template.spektrum .bd-blog-header {\n\t\t\t}\n\t\t\t.spektrum .date {\n\t\t\tbackground-color: #0c0202;\n\t\t}\n\t\t\t\t.spektrum .details a {\n\t\t\tcolor :#0c0000 !important;\n\t\t\tfont-size:14px;\t\t}\n\t\t\t\t.spektrum .details a:hover {\n\t\t\tcolor :#ddbc16;\n\t\t}\n\t\t\/**\n\t * 7.0 - Evolution Template\n\t *\/\n\t\/**\n\t * 8.0 - Timeline Template\n\t *\/\n\t.timeline_bg_wrap:before {\n\t\tbackground: none repeat scroll 0 0 ;\n\t}\n\t.bd-datetime, .timeline_year span.year_wrap {\n\t\tbackground: none repeat scroll 0 0 ;\n\t}\n\t.bdp_blog_template.timeline .post_hentry > p > i {\n\t\t\t}\n\t.bdp_blog_template.timeline:nth-child(2n+1) .post_content_wrap:before,\n\t.bdp_blog_template.timeline:nth-child(2n+1) .post_content_wrap:after {\n\t\tborder-left: 8px solid ;\n\t}\n\t.rtl .bdp_blog_template.timeline:nth-child(2n+1) .post_content_wrap:before,\n\t.rtl .bdp_blog_template.timeline:nth-child(2n+1) .post_content_wrap:after {\n\t\tborder-right: 8px solid ;\n\t}\n\t.bdp_blog_template.timeline:nth-child(2n) .post_content_wrap:before,\n\t.bdp_blog_template.timeline:nth-child(2n) .post_content_wrap:after {\n\t\tborder-right: 8px solid ;\n\t}\n\t.rtl .bdp_blog_template.timeline:nth-child(2n) .post_content_wrap:before,\n\t.rtl .bdp_blog_template.timeline:nth-child(2n) .post_content_wrap:after {\n\t\tborder-left: 8px solid ;\n\t}\n\t.post_content_wrap {\n\t\tborder:1px solid ;\n\t}\n\t.bdp_blog_template .post_content_wrap .blog_footer {\n\t\tborder-top: 1px solid  ;\n\t}\n\t.bdp_blog_template .post-icon {\n\t\t\t}\n\t.bdp_blog_template.timeline .desc h3 a{\n\t\tcolor: #0c0202 !important;\t\t\t\tfont-size: 35px;\t}\n\n\t\/*media query*\/\n\t@media screen and (max-width: 991px) {\n\t\t.bdp_blog_template.timeline:nth-child(2n+1) .post_content_wrap:before,\n\t\t.bdp_blog_template.timeline:nth-child(2n+1) .post_content_wrap:after {\n\t\t\tborder-right: 8px solid ;\n\t\t}\n\t}\n\t\/**\n\t * 9.0 - News Template\n\t *\/\n\t\t\t.bdp_blog_template.news .bd-blog-header h2.title a{\n\t\t\tcolor: #0c0202;\t\t\tfont-size: 35px;\t\t}\n\t\t\/* .blog_template.boxy-clean .blog_header h2, *\/\n\t.bdp_blog_template.news .bd-blog-header h2.title{\n\t\t\t}\n\t.bdp_blog_template.news {\n\t\t\t}\n\t.bdp_blog_template.news a.bd-more-tag{\n\t\tfloat: right !important;\n\t}\n\t.blog_template.boxy-clean ul li:hover,\n\t.blog_template.boxy-clean ul li:hover .blog_header h2 {\n\t\tbackground: ;\n\t}\n\t.glossary .post_content-inner {\n\t\t\t}\n\t.blog_template.boxy-clean .blog_wrap.bdp_blog_template .author {\n\t\t\t}\n\t\/** 10.0 - Sallet Template *\/\n\t.bdp_blog_template.sallet_slider .blog_header > div > div > div {\n\t\t\t}\n\t.bdp_blog_template.sallet_slider .blog_header > div > div > div::before {\n\t\t\t}\n\t.bdp_blog_template.sallet_slider.right {\n\t\t\t}\n\t.blog_template.sallet_slider .category-link a {\n\t\t\t\tcolor: #fff !important;\n\t}\n\t\/** 11.0 - Media Grid Template *\/\n\t.bdp_blog_template.media-grid .blog_header h2 a {\n\t\t\t}\n\t.bdp_blog_template.media-grid .bd-metacats {\n\t\t\t}\n\n\t.bdp_blog_template.media-grid .bd-metacats:hover{\n\t\t\t}\n\n\t.bdp_blog_template.media-grid .post-meta .postdate {\n\t\tfont-size: 14px\t}\n\t\/** 12.0 - Crayon Slider Template *\/\n\t\t\t\/** 13.0 - Blog Carousel Template *\/\n\tli.blog_template.bdp_blog_template.blog_carousel {\n\t\t\t}\n\t.blog_template.blog_carousel .blog_header:hover {\n\t\t}\n\t\/** 14.0 - Blog-Grid-Box Template *\/\n\t.blog_template.blog-grid-box .bd-more-next-line a {\n\t\tbackground: #ddbc16;\t\tcolor: #0c0000\t}\n\t.blog_template.blog-grid-box .post-comment a,\n\t.blog_template.blog-grid-box .mauthor .author a,\n\t.blog_template.blog-grid-box .bd-metacats a,\n\t.blog_template.blog-grid-box .mdate a {\n\t\t\t}\n\t.blog_template.blog-grid-box .post-comment a:hover,\n\t.blog_template.blog-grid-box .mauthor .author a:hover,\n\t.blog_template.blog-grid-box .bd-metacats a:hover,\n\t.blog_template.blog-grid-box .mdate a:hover {\n\t\t\t}\n\t.blog_template.blog-grid-box .post_title a {\n\t\tcolor: #0c0202;font-size: 35px\t}\n\t.blog_template.blog-grid-box .post_content {\n\t\tfont-size: 14px\t}\n\t.blog_template.blog-grid-box {\n\t\t\t}\n\n\t\/** 15.0 - Ticker Template *\/\n\t#blog-ticker-style-1 {\n\t\t\t}\n\t#blog-ticker-style-1 .ticker-title {\n\t\t\t}\n\t#blog-ticker-style-1 .ticker-style-title {\n\t\t\t}\n\t#blog-ticker-style-1 .ticker-title>span {\n\t\t\t}\n\t#blog-ticker-style-1 .blog-tickers a:hover {\n\t\t\t}\n\t#blog-ticker-style-1 .blog-tickers a {\n\t\tcolor: #0c0202\t}\n\t<\/style>\n<div class=\"bdp_wrapper\">\t\t<div class=\"blog_template bdp_blog_template classical\">\n\t\t\t\t\t\t<div class=\"bd-blog-header\">\n\t\t\t\t<h2><a href=\"https:\/\/www.horsefood.ee\/latvia\/2020\/07\/26\/hea-uudis-horsefoodi-muslid-on-nuud-pakendatud-modifitseeritud-atmosfaariga-keskkonda\/\"><span>HEA UUDIS! Horsefoodi m\u00fcslid on n\u00fc\u00fcd pakendatud modifitseeritud atmosf\u00e4\u00e4riga keskkonda!<\/span><\/a><\/h2>\n\t\t\t\t\t\t\t<\/div>\n\t\t\t<div class=\"bd-post-content\">\n\t\t\t\tPARIM SAI VEELGI PAREMAKS! Alates juulikuust`2020 on muutunud Horsefood`The best m\u00fcslide pakendivorm ja n\u00fc\u00fcd kasutatakse selleks &#8220;MAP tehnikat&#8221;(Modified Atmosphere Packaging). Selle tehnoloogia abil viiakse pakendi hapnikusisaldus v\u00e4ga madalale tasemele ja asendatakse l\u00e4mmastikuga, et v\u00e4ltida oks\u00fcdeerumist ja aeroobide arengut. Hapnikusisaldus on nii madal, et loodusliku v\u00e4rskuse kadu on v\u00e4listatud. Pakend on \u00f5 h u k i n d e l ja sellega saavutatakse j\u00e4rgmised eelised: * s\u00e4ilivusaeg pikeneb \u00fche kalendriaastani! * mineraalide ja vitamiinide kvaliteet s\u00e4ilib\t\t\t\t\t\t\t<\/div>\n\t\t\t<div class=\"bd-post-footer\">\n\t\t\t\t\t\t\t\t<a class=\"bd-more-tag\" href=\"https:\/\/www.horsefood.ee\/latvia\/2020\/07\/26\/hea-uudis-horsefoodi-muslid-on-nuud-pakendatud-modifitseeritud-atmosfaariga-keskkonda\/\">Loe edasi! <\/a>\t\t\t<\/div><\/div>\n\t\t\t\t<div class=\"blog_template bdp_blog_template classical\">\n\t\t\t\t\t\t<div class=\"bd-blog-header\">\n\t\t\t\t<h2><a href=\"https:\/\/www.horsefood.ee\/latvia\/2020\/01\/28\/vestlused-touaretuseettevottes-vdb-arabians-teemal-horsefoodthe-best\/\"><span>Vestlused t\u00f5uaretuseettev\u00f5ttes VDB Arabians teemal HORSEFOOD`The Best!<\/span><\/a><\/h2>\n\t\t\t\t\t\t\t<\/div>\n\t\t\t<div class=\"bd-post-content\">\n\t\t\t\t\u2728VDB Qatar\u2019yna\u2728Abha Qatar | E.S. Raisin \u269c\ufe0fVDB Kanz\u2019anova\u269c\ufe0fKanz Albidayer | VDB Ma\u2019Ra Gold V\u00e4ikese t\u00fcdrukuna veetis pereema Lieve van den Broeck tunde ratsakoolis, kus ta omandas ka koolis\u00f5idu p\u00f5hit\u00f5desid. M\u00f5ne aja p\u00e4rast tekkis kehaline vigastus, mille t\u00f5ttu l\u00e4ks ta \u00fcle vesternratsutamisele. See oli spordiharu, mis suutis taas Lieve elu kirega t\u00e4ita. Ta hakkas \u00fcha sagedamini hobustega s\u00f5itma kolmandate isikute jaoks, tehes seda mitu aastat \u00fche v\u00f5rratu Anglo-Araabia hobusega. Olles abikaasa Bart Beckeriga nende pulmareisil, m\u00fc\u00fcdi\t\t\t\t\t\t\t<\/div>\n\t\t\t<div class=\"bd-post-footer\">\n\t\t\t\t\t\t\t\t<a class=\"bd-more-tag\" href=\"https:\/\/www.horsefood.ee\/latvia\/2020\/01\/28\/vestlused-touaretuseettevottes-vdb-arabians-teemal-horsefoodthe-best\/\">Loe edasi! <\/a>\t\t\t<\/div><\/div>\n\t\t\t\t<div class=\"blog_template bdp_blog_template classical\">\n\t\t\t\t\t\t<div class=\"bd-blog-header\">\n\t\t\t\t<h2><a href=\"https:\/\/www.horsefood.ee\/latvia\/2019\/04\/12\/musli-versus-graanul-kumba-eelistada\/\"><span>M\u00dcSLI versus GRAANUL. Kumba valida?<\/span><\/a><\/h2>\n\t\t\t\t\t\t\t<\/div>\n\t\t\t<div class=\"bd-post-content\">\n\t\t\t\tTermin tekstureeritud (m\u00f5ned allikad nimetavad ka nn kleepuv \u00f5rn s\u00f6\u00f6t) ja granuleeritud viitab vormile, millisena j\u00f5us\u00f6\u00f6ta toodetakse ja millisena ta tuleb meile s\u00f6\u00f6dakottides. Siiski sisaldavad osad tekstureeritud j\u00f5us\u00f6\u00f6dad ka graanuleid, milledesse \u00fcldjuhul on \u201epeidetud\u201d nii mineraalid, kui ka vitamiinid, mida meie hobused vajavad oma elutegevuseks iga p\u00e4ev! M\u00dcSLID ja MIXID. Tekstureeritud s\u00f6\u00f6t e helvestatud vorm. On lihtsam tootmisprotsess, ja nn algup\u00e4rane kommertsiaalne s\u00f6\u00f6davorm , mis v\u00f5imaldab kergel moel kokku miksida terasid ning teisi pehmeid koostisosi.\t\t\t\t\t\t\t<\/div>\n\t\t\t<div class=\"bd-post-footer\">\n\t\t\t\t\t\t\t\t<a class=\"bd-more-tag\" href=\"https:\/\/www.horsefood.ee\/latvia\/2019\/04\/12\/musli-versus-graanul-kumba-eelistada\/\">Loe edasi! <\/a>\t\t\t<\/div><\/div>\n\t\t\t\t<div class=\"blog_template bdp_blog_template classical\">\n\t\t\t\t\t\t<div class=\"bd-blog-header\">\n\t\t\t\t<h2><a href=\"https:\/\/www.horsefood.ee\/latvia\/2018\/11\/06\/nisu-aleuroon-toote-eelised\/\"><span>NISU ALEUROON. Toote eelised.<\/span><\/a><\/h2>\n\t\t\t\t\t\t\t<\/div>\n\t\t\t<div class=\"bd-post-content\">\n\t\t\t\tMIlline on toote Grainwise Tarwe Aleurone m\u00f5ju? TOOTE EELISED.\u00a0Grainwise Tarwe Aleurone (Nisu aleuroon)\u00a0 tervislik m\u00f5ju tuleneb j\u00e4rgmistest omadustest: 100% looduslik.\u00a0Grainwise Tarwe Aleurone on \u00fcks nisutera seitsmest kihist (aleuroonkiht), mis on teraviljast eraldatud arvukate valgukehade poolt. Kasutatud eraldamise tehnika on ainulaadne ja selle patent kuulub B\u00fchler Grain-Wise\u2019ile. Aleuroonkiht sisaldab juba looduslikult vitamiine, mineraale ja teatud happeid. Loomulik koostis tagab organismis v\u00e4ga hea imendumise. P\u00f5letikuvastane. Uuringud n\u00e4itavad, et Grainwise Tarwe Aleurone m\u00f5jutab positiivselt kogu verepilti. Valgete vereliblede\t\t\t\t\t\t\t<\/div>\n\t\t\t<div class=\"bd-post-footer\">\n\t\t\t\t\t\t\t\t<a class=\"bd-more-tag\" href=\"https:\/\/www.horsefood.ee\/latvia\/2018\/11\/06\/nisu-aleuroon-toote-eelised\/\">Loe edasi! <\/a>\t\t\t<\/div><\/div>\n\t\t\t\t<div class=\"blog_template bdp_blog_template classical\">\n\t\t\t\t\t\t<div class=\"bd-blog-header\">\n\t\t\t\t<h2><a href=\"https:\/\/www.horsefood.ee\/latvia\/2018\/03\/24\/energia-sootades-kas-ma-saan-aru-miks-see-on-oluline\/\"><span>ENERGIA S\u00d6\u00d6TADES! Energia tihedus=toitev\u00e4\u00e4rtus=kvaliteet.<\/span><\/a><\/h2>\n\t\t\t\t\t\t\t<\/div>\n\t\t\t<div class=\"bd-post-content\">\n\t\t\t\tIlma korraliku k\u00fctuseta auto ei s\u00f5ida&#8230;! Hobuses\u00f6\u00f6tade energiasisaldus on s\u00f6\u00f6da KVALITEEDIN\u00c4ITAJA, ja see number peegeldab meile s\u00f6\u00f6da tegelikku TOITEV\u00c4\u00c4RTUST! &nbsp; Keha toiduvajadus.\u00a0Kui toidus puudub hobusele vajalik energia, siis hakkab ta oma keha tagavarasid kasutama! On 3 loomas\u00f6\u00f6da p\u00f5hiklassi, milledest hobused saavad energiat genereerida: s\u00fcsivesikud,\u00a0 rasvad\u00a0ja valgud.\u00a0 Need on orgaaniliste \u00fchendite liigid, kuna nende struktuurides on kolm peamist elementi: s\u00fcsinik, hapnik ja vesinik. S\u00fcsivesikud(sv) on hobuse s\u00f6\u00f6tades peamiseks energiaallikaks! Jagunevad struktuursed sv (kiudaine) ja mitte-struktuursed sv\t\t\t\t\t\t\t<\/div>\n\t\t\t<div class=\"bd-post-footer\">\n\t\t\t\t\t\t\t\t<a class=\"bd-more-tag\" href=\"https:\/\/www.horsefood.ee\/latvia\/2018\/03\/24\/energia-sootades-kas-ma-saan-aru-miks-see-on-oluline\/\">Loe edasi! <\/a>\t\t\t<\/div><\/div>\n\t\t<div class=\"wl_pagination_box bd_pagination_box  classical\"><nav class=\"navigation paging-navigation\" role=\"navigation\"><ul class='page-numbers'>\n\t<li><span aria-current=\"page\" class=\"page-numbers current\">1<\/span><\/li>\n\t<li><a class=\"page-numbers\" href=\"https:\/\/www.horsefood.ee\/latvia\/wp-json\/wp\/v2\/pages\/3698\/page\/2\/\">2<\/a><\/li>\n\t<li><a class=\"next page-numbers\" href=\"https:\/\/www.horsefood.ee\/latvia\/wp-json\/wp\/v2\/pages\/3698\/page\/2\/\">Next &rarr;<\/a><\/li>\n<\/ul>\n<\/nav><\/div><\/div>","protected":false},"excerpt":{"rendered":"","protected":false},"author":2,"featured_media":0,"parent":0,"menu_order":0,"comment_status":"closed","ping_status":"closed","template":"","meta":{"jetpack_post_was_ever_published":false,"footnotes":""},"class_list":["post-3698","page","type-page","status-publish","hentry"],"jetpack_sharing_enabled":true,"jetpack_shortlink":"https:\/\/wp.me\/PaE1on-XE","jetpack-related-posts":[],"_links":{"self":[{"href":"https:\/\/www.horsefood.ee\/latvia\/wp-json\/wp\/v2\/pages\/3698","targetHints":{"allow":["GET"]}}],"collection":[{"href":"https:\/\/www.horsefood.ee\/latvia\/wp-json\/wp\/v2\/pages"}],"about":[{"href":"https:\/\/www.horsefood.ee\/latvia\/wp-json\/wp\/v2\/types\/page"}],"author":[{"embeddable":true,"href":"https:\/\/www.horsefood.ee\/latvia\/wp-json\/wp\/v2\/users\/2"}],"replies":[{"embeddable":true,"href":"https:\/\/www.horsefood.ee\/latvia\/wp-json\/wp\/v2\/comments?post=3698"}],"version-history":[{"count":2,"href":"https:\/\/www.horsefood.ee\/latvia\/wp-json\/wp\/v2\/pages\/3698\/revisions"}],"predecessor-version":[{"id":3702,"href":"https:\/\/www.horsefood.ee\/latvia\/wp-json\/wp\/v2\/pages\/3698\/revisions\/3702"}],"wp:attachment":[{"href":"https:\/\/www.horsefood.ee\/latvia\/wp-json\/wp\/v2\/media?parent=3698"}],"curies":[{"name":"wp","href":"https:\/\/api.w.org\/{rel}","templated":true}]}}